{"id":427,"date":"2025-03-14T21:45:42","date_gmt":"2025-03-14T20:45:42","guid":{"rendered":"https:\/\/klimek.59.pl\/?post_type=product&#038;p=427"},"modified":"2025-03-14T22:53:54","modified_gmt":"2025-03-14T21:53:54","slug":"jersey-fit","status":"publish","type":"product","link":"https:\/\/foogwear.com\/index.php\/produkt\/jersey-fit\/","title":{"rendered":"Jersey Flex"},"content":{"rendered":"<p><span class=\"im\">\u00a0Wygodna i oddychaj\u0105ca koszulka w stylu racingowym, przeznaczona dla bardziej wymagaj\u0105cych u\u017cytkownik\u00f3w, dopasowana, ale nadal pomie\u015bci lekkie ochraniacze ze wzgl\u0119du na du\u017c\u0105 elastyczno\u015b\u0107 materia\u0142u.<\/span><\/p>\n<p>Materia\u0142:<br \/>\ndzianina 94% poliester + 6% elastan, gramatura 115g, bardzo elastyczna, lekka i oddychaj\u0105ca<\/p>\n<p>Styl: Dopasowany kr\u00f3j-&gt; damski i m\u0119ski<\/p>\n<p>Ceny:<br \/>\n5-9szt &#8211; 230z\u0142<br \/>\n10-14szt &#8211; 210z\u0142<br \/>\n15&lt;\u00a0 \u00a0 \u00a0 \u00a0 \u00a0&#8211; 190z\u0142<\/p>\n<table style=\"width: 369px;\">\n<tbody>\n<tr>\n<td style=\"width: 82.3889px;\"><strong>Rozmiar<\/strong><\/td>\n<td style=\"width: 158.611px;\"><strong>obw. kosz. w klatce<\/strong><\/td>\n<td style=\"width: 107px;\"><strong>d\u0142. ty\u0142u<\/strong><\/td>\n<\/tr>\n<tr>\n<td style=\"width: 82.3889px;\"><strong>S<\/strong><\/td>\n<td style=\"width: 158.611px;\">\n<p style=\"text-align: center;\"><span style=\"font-weight: 400;\">96cm<\/span><\/p>\n<\/td>\n<td style=\"width: 107px;\">\n<p style=\"text-align: center;\"><span style=\"font-weight: 400;\">70cm<\/span><\/p>\n<\/td>\n<\/tr>\n<tr>\n<td style=\"width: 82.3889px;\"><strong>M<\/strong><\/td>\n<td style=\"width: 158.611px;\">\n<p style=\"text-align: center;\"><span style=\"font-weight: 400;\">100cm<\/span><\/p>\n<\/td>\n<td style=\"width: 107px;\">\n<p style=\"text-align: center;\"><span style=\"font-weight: 400;\">73cm<\/span><\/p>\n<\/td>\n<\/tr>\n<tr>\n<td style=\"width: 82.3889px;\"><strong>L<\/strong><\/td>\n<td style=\"width: 158.611px;\">\n<p style=\"text-align: center;\"><span style=\"font-weight: 400;\">102cm<\/span><\/p>\n<\/td>\n<td style=\"width: 107px;\">\n<p style=\"text-align: center;\"><span style=\"font-weight: 400;\">75cm<\/span><\/p>\n<\/td>\n<\/tr>\n<tr>\n<td style=\"width: 82.3889px;\"><strong>XL<\/strong><\/td>\n<td style=\"width: 158.611px;\">\n<p style=\"text-align: center;\"><span style=\"font-weight: 400;\">106cm<\/span><\/p>\n<\/td>\n<td style=\"width: 107px;\">\n<p style=\"text-align: center;\"><span style=\"font-weight: 400;\">76cm<\/span><\/p>\n<\/td>\n<\/tr>\n<tr>\n<td style=\"width: 82.3889px;\"><strong>XXL<\/strong><\/td>\n<td style=\"width: 158.611px;\">\n<p style=\"text-align: center;\"><span style=\"font-weight: 400;\">110cm<\/span><\/p>\n<\/td>\n<td style=\"width: 107px;\">\n<p style=\"text-align: center;\"><span style=\"font-weight: 400;\">77cm<\/span><\/p>\n<\/td>\n<\/tr>\n<\/tbody>\n<\/table>\n","protected":false},"excerpt":{"rendered":"<p>\u00a0Wygodna i oddychaj\u0105ca koszulka w stylu racingowym, przeznaczona dla bardziej wymagaj\u0105cych u\u017cytkownik\u00f3w, dopasowana, ale nadal pomie\u015bci lekkie ochraniacze ze wzgl\u0119du na du\u017c\u0105 elastyczno\u015b\u0107 materia\u0142u. Materia\u0142: dzianina 94% poliester + 6% elastan, gramatura 115g, bardzo elastyczna, lekka i oddychaj\u0105ca Styl: Dopasowany kr\u00f3j-&gt; damski i m\u0119ski Ceny: 5-9szt &#8211; 230z\u0142 10-14szt &#8211; 210z\u0142 15&lt;\u00a0 \u00a0 \u00a0 \u00a0 [&hellip;]<\/p>\n","protected":false},"featured_media":428,"template":"","meta":[],"product_brand":[],"product_cat":[15],"product_tag":[],"class_list":{"0":"post-427","1":"product","2":"type-product","3":"status-publish","4":"has-post-thumbnail","6":"product_cat-bez-kategorii","8":"first","9":"instock","10":"shipping-taxable","11":"purchasable","12":"product-type-simple"},"_links":{"self":[{"href":"https:\/\/foogwear.com\/index.php\/wp-json\/wp\/v2\/product\/427","targetHints":{"allow":["GET"]}}],"collection":[{"href":"https:\/\/foogwear.com\/index.php\/wp-json\/wp\/v2\/product"}],"about":[{"href":"https:\/\/foogwear.com\/index.php\/wp-json\/wp\/v2\/types\/product"}],"wp:featuredmedia":[{"embeddable":true,"href":"https:\/\/foogwear.com\/index.php\/wp-json\/wp\/v2\/media\/428"}],"wp:attachment":[{"href":"https:\/\/foogwear.com\/index.php\/wp-json\/wp\/v2\/media?parent=427"}],"wp:term":[{"taxonomy":"product_brand","embeddable":true,"href":"https:\/\/foogwear.com\/index.php\/wp-json\/wp\/v2\/product_brand?post=427"},{"taxonomy":"product_cat","embeddable":true,"href":"https:\/\/foogwear.com\/index.php\/wp-json\/wp\/v2\/product_cat?post=427"},{"taxonomy":"product_tag","embeddable":true,"href":"https:\/\/foogwear.com\/index.php\/wp-json\/wp\/v2\/product_tag?post=427"}],"curies":[{"name":"wp","href":"https:\/\/api.w.org\/{rel}","templated":true}]}}