{"id":525,"date":"2025-04-07T22:22:34","date_gmt":"2025-04-07T20:22:34","guid":{"rendered":"https:\/\/foogwear.com\/?post_type=product&#038;p=525"},"modified":"2025-04-07T22:22:34","modified_gmt":"2025-04-07T20:22:34","slug":"rama-sfr-dodger","status":"publish","type":"product","link":"https:\/\/foogwear.com\/index.php\/produkt\/rama-sfr-dodger\/","title":{"rendered":"Rama SFR Dodger"},"content":{"rendered":"<div dir=\"auto\">SelfMadeFreeride to polski producent customowych ram do enduro oraz dh, maj\u0105cy swoj\u0105 siedzib\u0119 w Lublinie.<\/div>\n<div dir=\"auto\"><\/div>\n<div dir=\"auto\">Tutaj prezentujemy Wam model Ramy Dodger, geometri\u0119 oraz szczeg\u00f3\u0142owy zdj\u0119cia konstrukcji znajdziecie w galerii.<\/div>\n<div dir=\"auto\"><\/div>\n<div dir=\"auto\"><strong>Zastanawacie si\u0119 jak sa produkowane ramy SFR? Przeczytajcie sami:<\/strong><\/div>\n<div dir=\"auto\"><\/div>\n<div dir=\"auto\">Wszystkie modele ram SFR produkowane s\u0105 indywidualnym zestawieniu geometrii co oznacza, \u017ce k\u0105ty i d\u0142ugo\u015bci mo\u017ce ustali\u0107 przysz\u0142y w\u0142a\u015bciciel, oczywi\u015bcie nie ka\u017cdy jest w stanie oceni\u0107 co mu b\u0119dzie pasowa\u0142o, wi\u0119c zawsze pomocny jest &#8222;wywiad \u015brodowiskowy&#8221; maj\u0105cy na celu ustalenie jaki styl jazdy preferuje dana osoba lub bikefitting. SFR nie ma w swojej ofercie rozmiar\u00f3w S,M,L je\u017celi jest taka potrzeba to rama budowana jest pomi\u0119dzy rozmiarami.<\/div>\n<div dir=\"auto\"><\/div>\n<div dir=\"auto\">Do ka\u017cdej ramy mo\u017cna indywidualnie dobra\u0107 rodzaj i d\u0142ugo\u015b\u0107 monta\u017cow\u0105 dampera, wi\u0105\u017ce si\u0119 to czasem z przeprojektowaniem kinematyki i charakterystyki zawieszenia, ale jest jak najbardziej mo\u017cliwe.<\/div>\n<div dir=\"auto\"><\/div>\n<div dir=\"auto\">Natomiast dobrze wiemy, \u017ce nie ka\u017cdy \u017cyje wy\u0142\u0105cznie rowerem, rower ma s\u0142u\u017cy\u0107 do oderwania si\u0119 od codziennej rzeczywisto\u015bci i jazda na nim ma sprawia\u0107 maks przyjemno\u015bci. Dla takich os\u00f3b zarezerwowany jest zestaw uniwersalnych geometrii, dobierany tak, \u017ceby przynie\u015b\u0107 jak najwi\u0119cej korzy\u015bci.<\/div>\n<div dir=\"auto\"><\/div>\n<div dir=\"auto\">\n<div dir=\"auto\"><strong>Dla ciekawskich:<\/strong> ramy SFR budowane s\u0105 z kilku rodzaj\u00f3w aluminium w zale\u017cno\u015bci od zapotrzebowania na wytrzyma\u0142o\u015b\u0107 materia\u0142ow\u0105. Mocniej obci\u0105\u017cone miejsca s\u0105 z 2017t6, 5754, rury z 6063t6 i niekt\u00f3re elementy, osie i \u015bruby z 7075.<\/div>\n<\/div>\n<div dir=\"auto\"><\/div>\n<div dir=\"auto\"><strong>Wszystkie ramy obj\u0119te s\u0105 bezp\u0142atnym serwisem gwarancyjny, w sk\u0142ad kt\u00f3rego wchodzi miedzy innymi wymiana \u0142o\u017cysk.<\/strong><\/div>\n","protected":false},"excerpt":{"rendered":"<p>SelfMadeFreeride to polski producent customowych ram do enduro oraz dh, maj\u0105cy swoj\u0105 siedzib\u0119 w Lublinie. Tutaj prezentujemy Wam model Ramy Dodger, geometri\u0119 oraz szczeg\u00f3\u0142owy zdj\u0119cia konstrukcji znajdziecie w galerii. Zastanawacie si\u0119 jak sa produkowane ramy SFR? Przeczytajcie sami: Wszystkie modele ram SFR produkowane s\u0105 indywidualnym zestawieniu geometrii co oznacza, \u017ce k\u0105ty i d\u0142ugo\u015bci mo\u017ce ustali\u0107 [&hellip;]<\/p>\n","protected":false},"featured_media":520,"template":"","meta":[],"product_brand":[],"product_cat":[15],"product_tag":[],"class_list":{"0":"post-525","1":"product","2":"type-product","3":"status-publish","4":"has-post-thumbnail","6":"product_cat-bez-kategorii","8":"first","9":"onbackorder","10":"shipping-taxable","11":"purchasable","12":"product-type-variable"},"_links":{"self":[{"href":"https:\/\/foogwear.com\/index.php\/wp-json\/wp\/v2\/product\/525","targetHints":{"allow":["GET"]}}],"collection":[{"href":"https:\/\/foogwear.com\/index.php\/wp-json\/wp\/v2\/product"}],"about":[{"href":"https:\/\/foogwear.com\/index.php\/wp-json\/wp\/v2\/types\/product"}],"wp:featuredmedia":[{"embeddable":true,"href":"https:\/\/foogwear.com\/index.php\/wp-json\/wp\/v2\/media\/520"}],"wp:attachment":[{"href":"https:\/\/foogwear.com\/index.php\/wp-json\/wp\/v2\/media?parent=525"}],"wp:term":[{"taxonomy":"product_brand","embeddable":true,"href":"https:\/\/foogwear.com\/index.php\/wp-json\/wp\/v2\/product_brand?post=525"},{"taxonomy":"product_cat","embeddable":true,"href":"https:\/\/foogwear.com\/index.php\/wp-json\/wp\/v2\/product_cat?post=525"},{"taxonomy":"product_tag","embeddable":true,"href":"https:\/\/foogwear.com\/index.php\/wp-json\/wp\/v2\/product_tag?post=525"}],"curies":[{"name":"wp","href":"https:\/\/api.w.org\/{rel}","templated":true}]}}