{"id":651,"date":"2025-05-07T21:54:37","date_gmt":"2025-05-07T19:54:37","guid":{"rendered":"https:\/\/foogwear.com\/?post_type=product&#038;p=651"},"modified":"2025-05-07T21:56:34","modified_gmt":"2025-05-07T19:56:34","slug":"jersey-srebrna-gora","status":"publish","type":"product","link":"https:\/\/foogwear.com\/index.php\/produkt\/jersey-srebrna-gora\/","title":{"rendered":"Jersey Srebrna G\u00f3ra"},"content":{"rendered":"<p>Jersey Enduro Trails Srebrna G\u00f3ra wyprodukowali\u015bmy na podstawie naszej uniwersalnej bluzy rowerowej kt\u00f3ra \u015bwietnie sprawdza si\u0119 w enduro, dh czy podczas niedzielnej przeja\u017cd\u017cki po lesie.<\/p>\n<p>Dzi\u0119ki zastosowaniu lekkiej dzianiny o wyj\u0105tkowo trwa\u0142ych w\u0142\u00f3knach, produkt jest jednocze\u015bnie przewiewny i wytrzyma\u0142y.<\/p>\n<p>Nowoczesna sublimowana dzianina na przodzie i tyle koszulki jest wyprodukowana w 100% w Polsce. Ni\u017csza gramatura materia\u0142u oraz mi\u0119kkie wyko\u0144czenie MAXCOMFORT s\u0105 gwarancj\u0105 najwy\u017cszej wygody u\u017cytkowania.<\/p>\n<p>Charakterystyka:<\/p>\n<ul>\n<li>lekka, oddychaj\u0105ca i elastyczna dzianina\u00a0tylko i wy\u0142\u0105cznie polskiej produkcji!<\/li>\n<\/ul>\n<ul>\n<li>ni\u017csza gramatura i wyko\u0144czenie MAXCOMFORT<\/li>\n<\/ul>\n<ul>\n<li>regularny kr\u00f3j<\/li>\n<\/ul>\n<ul>\n<li>d\u0142ugi r\u0119kaw<\/li>\n<\/ul>\n<ul>\n<li>elastyczne wyko\u0144czenie mankiet\u00f3w<\/li>\n<\/ul>\n<ul>\n<li>MADE IN POLAND<\/li>\n<\/ul>\n<p>Tabela rozmiarowa:<\/p>\n<table>\n<tbody>\n<tr>\n<td><strong>Rozmiar<\/strong><\/td>\n<td><strong>obw. kosz. w klatce<\/strong><\/td>\n<td><strong>d\u0142ugo\u015b\u0107 ty\u0142u<\/strong><\/td>\n<td><strong>d\u0142ugo\u015b\u0107 r\u0119kawa<\/strong><\/td>\n<\/tr>\n<tr>\n<td><strong>S<\/strong><\/td>\n<td>101cm<\/td>\n<td>69cm<\/td>\n<td>78,5cm<\/td>\n<\/tr>\n<tr>\n<td><strong>M<\/strong><\/td>\n<td>106cm<\/td>\n<td>74cm<\/td>\n<td>81,5cm<\/td>\n<\/tr>\n<tr>\n<td><strong>L<\/strong><\/td>\n<td>110cm<\/td>\n<td>76cm<\/td>\n<td>84cm<\/td>\n<\/tr>\n<tr>\n<td><strong>XL<\/strong><\/td>\n<td>114cm<\/td>\n<td>78cm<\/td>\n<td>86cm<\/td>\n<\/tr>\n<tr>\n<td><strong>XXL<\/strong><\/td>\n<td>120cm<\/td>\n<td>80cm<\/td>\n<td>88cm<\/td>\n<\/tr>\n<\/tbody>\n<\/table>\n","protected":false},"excerpt":{"rendered":"<p>Jersey Enduro Trails Srebrna G\u00f3ra wyprodukowali\u015bmy na podstawie naszej uniwersalnej bluzy rowerowej kt\u00f3ra \u015bwietnie sprawdza si\u0119 w enduro, dh czy podczas niedzielnej przeja\u017cd\u017cki po lesie. Dzi\u0119ki zastosowaniu lekkiej dzianiny o wyj\u0105tkowo trwa\u0142ych w\u0142\u00f3knach, produkt jest jednocze\u015bnie przewiewny i wytrzyma\u0142y. Nowoczesna sublimowana dzianina na przodzie i tyle koszulki jest wyprodukowana w 100% w Polsce. Ni\u017csza gramatura [&hellip;]<\/p>\n","protected":false},"featured_media":484,"template":"","meta":[],"product_brand":[68],"product_cat":[22,25],"product_tag":[],"class_list":{"0":"post-651","1":"product","2":"type-product","3":"status-publish","4":"has-post-thumbnail","6":"product_brand-trasy-enduro-srebrna-gora","7":"product_cat-mezczyzna","8":"product_cat-jersey-meski","9":"pa_marka-trasy-enduro-srebrna-gora","10":"pa_plec-meskie","11":"pa_produkt-jerseye","13":"first","14":"instock","15":"shipping-taxable","16":"product-type-external"},"_links":{"self":[{"href":"https:\/\/foogwear.com\/index.php\/wp-json\/wp\/v2\/product\/651","targetHints":{"allow":["GET"]}}],"collection":[{"href":"https:\/\/foogwear.com\/index.php\/wp-json\/wp\/v2\/product"}],"about":[{"href":"https:\/\/foogwear.com\/index.php\/wp-json\/wp\/v2\/types\/product"}],"wp:featuredmedia":[{"embeddable":true,"href":"https:\/\/foogwear.com\/index.php\/wp-json\/wp\/v2\/media\/484"}],"wp:attachment":[{"href":"https:\/\/foogwear.com\/index.php\/wp-json\/wp\/v2\/media?parent=651"}],"wp:term":[{"taxonomy":"product_brand","embeddable":true,"href":"https:\/\/foogwear.com\/index.php\/wp-json\/wp\/v2\/product_brand?post=651"},{"taxonomy":"product_cat","embeddable":true,"href":"https:\/\/foogwear.com\/index.php\/wp-json\/wp\/v2\/product_cat?post=651"},{"taxonomy":"product_tag","embeddable":true,"href":"https:\/\/foogwear.com\/index.php\/wp-json\/wp\/v2\/product_tag?post=651"}],"curies":[{"name":"wp","href":"https:\/\/api.w.org\/{rel}","templated":true}]}}